{"id":610,"date":"2022-08-30T13:24:23","date_gmt":"2022-08-30T12:24:23","guid":{"rendered":"https:\/\/burger.bigagency.pt\/?post_type=product&#038;p=610"},"modified":"2022-09-01T15:14:44","modified_gmt":"2022-09-01T14:14:44","slug":"the-new-yorker-single-frango","status":"publish","type":"product","link":"https:\/\/burger.bigagency.pt\/index.php\/produto\/the-new-yorker-single-frango\/","title":{"rendered":"The New Yorker\u200b Single Frango"},"content":{"rendered":"<p>Inspirado na receita original, o hamb\u00farguer \u00e9 composto de carne, alface, tomate, queijo , p\u00e3o, molho base, e a cebola caramelizada que \u00e9 o toque da casa.<\/p>\n","protected":false},"excerpt":{"rendered":"<p>Inspirado na receita original, o hamb\u00farguer \u00e9 composto de carne, alface, tomate, queijo , p\u00e3o, molho base, e a cebola caramelizada que \u00e9 o toque da casa.<\/p>\n","protected":false},"featured_media":647,"comment_status":"open","ping_status":"closed","template":"","meta":[],"product_cat":[25],"product_tag":[],"_links":{"self":[{"href":"https:\/\/burger.bigagency.pt\/index.php\/wp-json\/wp\/v2\/product\/610"}],"collection":[{"href":"https:\/\/burger.bigagency.pt\/index.php\/wp-json\/wp\/v2\/product"}],"about":[{"href":"https:\/\/burger.bigagency.pt\/index.php\/wp-json\/wp\/v2\/types\/product"}],"replies":[{"embeddable":true,"href":"https:\/\/burger.bigagency.pt\/index.php\/wp-json\/wp\/v2\/comments?post=610"}],"wp:featuredmedia":[{"embeddable":true,"href":"https:\/\/burger.bigagency.pt\/index.php\/wp-json\/wp\/v2\/media\/647"}],"wp:attachment":[{"href":"https:\/\/burger.bigagency.pt\/index.php\/wp-json\/wp\/v2\/media?parent=610"}],"wp:term":[{"taxonomy":"product_cat","embeddable":true,"href":"https:\/\/burger.bigagency.pt\/index.php\/wp-json\/wp\/v2\/product_cat?post=610"},{"taxonomy":"product_tag","embeddable":true,"href":"https:\/\/burger.bigagency.pt\/index.php\/wp-json\/wp\/v2\/product_tag?post=610"}],"curies":[{"name":"wp","href":"https:\/\/api.w.org\/{rel}","templated":true}]}}